{"id":433,"date":"2023-06-15T14:59:04","date_gmt":"2023-06-15T13:59:04","guid":{"rendered":"http:\/\/fetesdetheze.com\/?page_id=433"},"modified":"2023-06-16T14:58:58","modified_gmt":"2023-06-16T13:58:58","slug":"dimanche-26-juin","status":"publish","type":"page","link":"https:\/\/fetesdetheze.com\/?page_id=433","title":{"rendered":"Dimanche 25 juin"},"content":{"rendered":"\n<p>Le dimanche 25 juin, Le comit\u00e9 des f\u00eates de Th\u00e8ze en association avec le Comit\u00e9 des f\u00eates d&rsquo;Auriac vous proposera un bapt\u00eame en h\u00e9licopt\u00e8re.<\/p>\n\n\n\n<figure class=\"wp-block-image size-full\"><a href=\"http:\/\/fetesdetheze.com\/wp-content\/uploads\/2023\/06\/affiche-dimanche-helico.jpg\"><img loading=\"lazy\" decoding=\"async\" width=\"960\" height=\"720\" src=\"http:\/\/fetesdetheze.com\/wp-content\/uploads\/2023\/06\/affiche-dimanche-helico.jpg\" alt=\"\" class=\"wp-image-434\" srcset=\"https:\/\/fetesdetheze.com\/wp-content\/uploads\/2023\/06\/affiche-dimanche-helico.jpg 960w, https:\/\/fetesdetheze.com\/wp-content\/uploads\/2023\/06\/affiche-dimanche-helico-300x225.jpg 300w, https:\/\/fetesdetheze.com\/wp-content\/uploads\/2023\/06\/affiche-dimanche-helico-768x576.jpg 768w, https:\/\/fetesdetheze.com\/wp-content\/uploads\/2023\/06\/affiche-dimanche-helico-400x300.jpg 400w\" sizes=\"(max-width: 960px) 100vw, 960px\" \/><\/a><\/figure>\n\n\n\n<p>Le dimanche midi aura lieu le d\u00e9p\u00f4t de Gerbe anim\u00e9 par l&rsquo;harmonie Garlinoise au Monument aux Morts.<\/p>\n\n\n\n<p>A 12h30 sera organis\u00e9 le traditionnel vin d&rsquo;honneur au stade qui sera offert par la Municipalit\u00e9.<\/p>\n\n\n\n<p>La journ\u00e9e se poursuivra avec la Bod\u00e9ga du Comit\u00e9 \u00e0 partir de 13h30. <\/p>\n\n\n\n<p>Vous pourrez \u00e9galement assister au th\u00e9\u00e2tre b\u00e9arnais gr\u00e2ce \u00e0 \u00ab\u00a0LES MOUSQUILLOUS\u00a0\u00bb.<\/p>\n\n\n\n<p>Les f\u00eates se cl\u00f4tureront par la soir\u00e9e \u00ab\u00a0FOOD TRUCKS\u00a0\u00bb anim\u00e9e par le groupe celtique TALWEG. Enfin vous pourrez assister au Feu d&rsquo;Artifice \u00e0 22h30.<\/p>\n\n\n\n<figure class=\"wp-block-image size-large\"><a href=\"http:\/\/fetesdetheze.com\/wp-content\/uploads\/2023\/06\/ThezeStade-1.jpg\"><img loading=\"lazy\" decoding=\"async\" width=\"1024\" height=\"576\" src=\"http:\/\/fetesdetheze.com\/wp-content\/uploads\/2023\/06\/ThezeStade-1-1024x576.jpg\" alt=\"\" class=\"wp-image-435\" srcset=\"https:\/\/fetesdetheze.com\/wp-content\/uploads\/2023\/06\/ThezeStade-1-1024x576.jpg 1024w, https:\/\/fetesdetheze.com\/wp-content\/uploads\/2023\/06\/ThezeStade-1-300x169.jpg 300w, https:\/\/fetesdetheze.com\/wp-content\/uploads\/2023\/06\/ThezeStade-1-768x432.jpg 768w, https:\/\/fetesdetheze.com\/wp-content\/uploads\/2023\/06\/ThezeStade-1-500x281.jpg 500w, https:\/\/fetesdetheze.com\/wp-content\/uploads\/2023\/06\/ThezeStade-1.jpg 1280w\" sizes=\"(max-width: 1024px) 100vw, 1024px\" \/><\/a><\/figure>\n","protected":false},"excerpt":{"rendered":"<p>Le dimanche 25 juin, Le comit\u00e9 des f\u00eates de Th\u00e8ze en association avec le Comit\u00e9 des f\u00eates d&rsquo;Auriac vous proposera un bapt\u00eame en h\u00e9licopt\u00e8re. Le dimanche midi aura lieu le d\u00e9p\u00f4t de Gerbe anim\u00e9 par l&rsquo;harmonie Garlinoise au Monument aux &hellip; <a href=\"https:\/\/fetesdetheze.com\/?page_id=433\">Lire la suite <span class=\"meta-nav\">&rarr;<\/span><\/a><\/p>\n","protected":false},"author":1,"featured_media":0,"parent":0,"menu_order":0,"comment_status":"closed","ping_status":"closed","template":"","meta":{"footnotes":""},"_links":{"self":[{"href":"https:\/\/fetesdetheze.com\/index.php?rest_route=\/wp\/v2\/pages\/433"}],"collection":[{"href":"https:\/\/fetesdetheze.com\/index.php?rest_route=\/wp\/v2\/pages"}],"about":[{"href":"https:\/\/fetesdetheze.com\/index.php?rest_route=\/wp\/v2\/types\/page"}],"author":[{"embeddable":true,"href":"https:\/\/fetesdetheze.com\/index.php?rest_route=\/wp\/v2\/users\/1"}],"replies":[{"embeddable":true,"href":"https:\/\/fetesdetheze.com\/index.php?rest_route=%2Fwp%2Fv2%2Fcomments&post=433"}],"version-history":[{"count":2,"href":"https:\/\/fetesdetheze.com\/index.php?rest_route=\/wp\/v2\/pages\/433\/revisions"}],"predecessor-version":[{"id":441,"href":"https:\/\/fetesdetheze.com\/index.php?rest_route=\/wp\/v2\/pages\/433\/revisions\/441"}],"wp:attachment":[{"href":"https:\/\/fetesdetheze.com\/index.php?rest_route=%2Fwp%2Fv2%2Fmedia&parent=433"}],"curies":[{"name":"wp","href":"https:\/\/api.w.org\/{rel}","templated":true}]}}

<p>Le dimanche 25 juin, Le comité des fêtes de Thèze en association avec le Comité des fêtes d&rsquo;Auriac vous proposera un baptême en hélicoptère.</p>



<figure class="wp-block-image size-full"><a href="http://fetesdetheze.com/wp-content/uploads/2023/06/affiche-dimanche-helico.jpg"><img loading="lazy" decoding="async" width="960" height="720" src="http://fetesdetheze.com/wp-content/uploads/2023/06/affiche-dimanche-helico.jpg" alt="" class="wp-image-434" srcset="https://fetesdetheze.com/wp-content/uploads/2023/06/affiche-dimanche-helico.jpg 960w, https://fetesdetheze.com/wp-content/uploads/2023/06/affiche-dimanche-helico-300x225.jpg 300w, https://fetesdetheze.com/wp-content/uploads/2023/06/affiche-dimanche-helico-768x576.jpg 768w, https://fetesdetheze.com/wp-content/uploads/2023/06/affiche-dimanche-helico-400x300.jpg 400w" sizes="(max-width: 960px) 100vw, 960px" /></a></figure>



<p>Le dimanche midi aura lieu le dépôt de Gerbe animé par l&rsquo;harmonie Garlinoise au Monument aux Morts.</p>



<p>A 12h30 sera organisé le traditionnel vin d&rsquo;honneur au stade qui sera offert par la Municipalité.</p>



<p>La journée se poursuivra avec la Bodéga du Comité à partir de 13h30. </p>



<p>Vous pourrez également assister au théâtre béarnais grâce à « LES MOUSQUILLOUS ».</p>



<p>Les fêtes se clôtureront par la soirée « FOOD TRUCKS » animée par le groupe celtique TALWEG. Enfin vous pourrez assister au Feu d&rsquo;Artifice à 22h30.</p>



<figure class="wp-block-image size-large"><a href="http://fetesdetheze.com/wp-content/uploads/2023/06/ThezeStade-1.jpg"><img loading="lazy" decoding="async" width="1024" height="576" src="http://fetesdetheze.com/wp-content/uploads/2023/06/ThezeStade-1-1024x576.jpg" alt="" class="wp-image-435" srcset="https://fetesdetheze.com/wp-content/uploads/2023/06/ThezeStade-1-1024x576.jpg 1024w, https://fetesdetheze.com/wp-content/uploads/2023/06/ThezeStade-1-300x169.jpg 300w, https://fetesdetheze.com/wp-content/uploads/2023/06/ThezeStade-1-768x432.jpg 768w, https://fetesdetheze.com/wp-content/uploads/2023/06/ThezeStade-1-500x281.jpg 500w, https://fetesdetheze.com/wp-content/uploads/2023/06/ThezeStade-1.jpg 1280w" sizes="(max-width: 1024px) 100vw, 1024px" /></a></figure>

<p>Le dimanche 25 juin, Le comité des fêtes de Thèze en association avec le Comité des fêtes d&rsquo;Auriac vous proposera un baptême en hélicoptère. Le dimanche midi aura lieu le dépôt de Gerbe animé par l&rsquo;harmonie Garlinoise au Monument aux &hellip; <a href="https://fetesdetheze.com/?page_id=433">Lire la suite <span class="meta-nav">&rarr;</span></a></p>
