{"id":60,"date":"2013-06-17T21:45:03","date_gmt":"2013-06-17T20:45:03","guid":{"rendered":"http:\/\/fetesdetheze.com\/?page_id=60"},"modified":"2023-06-13T16:03:50","modified_gmt":"2023-06-13T15:03:50","slug":"la-vie-du-comite","status":"publish","type":"page","link":"https:\/\/fetesdetheze.com\/?page_id=60","title":{"rendered":"La vie du Comit\u00e9"},"content":{"rendered":"<p><strong>Le dimanche 11 juin, une partie de l&rsquo;\u00e9quipe du comit\u00e9 s&rsquo;est r\u00e9unie pour afficher la date des prochaines f\u00eates de Th\u00e8ze.<\/strong><\/p>\n\n\n<figure class=\"wp-block-image size-full\"><a href=\"http:\/\/fetesdetheze.com\/wp-content\/uploads\/2023\/06\/4264746214186155004-1.jpg\"><img loading=\"lazy\" decoding=\"async\" width=\"1008\" height=\"756\" src=\"http:\/\/fetesdetheze.com\/wp-content\/uploads\/2023\/06\/4264746214186155004-1.jpg\" alt=\"\" class=\"wp-image-370\" srcset=\"https:\/\/fetesdetheze.com\/wp-content\/uploads\/2023\/06\/4264746214186155004-1.jpg 1008w, https:\/\/fetesdetheze.com\/wp-content\/uploads\/2023\/06\/4264746214186155004-1-300x225.jpg 300w, https:\/\/fetesdetheze.com\/wp-content\/uploads\/2023\/06\/4264746214186155004-1-768x576.jpg 768w, https:\/\/fetesdetheze.com\/wp-content\/uploads\/2023\/06\/4264746214186155004-1-400x300.jpg 400w\" sizes=\"(max-width: 1008px) 100vw, 1008px\" \/><\/a><\/figure>\n","protected":false},"excerpt":{"rendered":"<p>Le dimanche 11 juin, une partie de l&rsquo;\u00e9quipe du comit\u00e9 s&rsquo;est r\u00e9unie pour afficher la date des prochaines f\u00eates de Th\u00e8ze.<\/p>\n","protected":false},"author":1,"featured_media":0,"parent":0,"menu_order":0,"comment_status":"closed","ping_status":"open","template":"","meta":{"footnotes":""},"_links":{"self":[{"href":"https:\/\/fetesdetheze.com\/index.php?rest_route=\/wp\/v2\/pages\/60"}],"collection":[{"href":"https:\/\/fetesdetheze.com\/index.php?rest_route=\/wp\/v2\/pages"}],"about":[{"href":"https:\/\/fetesdetheze.com\/index.php?rest_route=\/wp\/v2\/types\/page"}],"author":[{"embeddable":true,"href":"https:\/\/fetesdetheze.com\/index.php?rest_route=\/wp\/v2\/users\/1"}],"replies":[{"embeddable":true,"href":"https:\/\/fetesdetheze.com\/index.php?rest_route=%2Fwp%2Fv2%2Fcomments&post=60"}],"version-history":[{"count":5,"href":"https:\/\/fetesdetheze.com\/index.php?rest_route=\/wp\/v2\/pages\/60\/revisions"}],"predecessor-version":[{"id":371,"href":"https:\/\/fetesdetheze.com\/index.php?rest_route=\/wp\/v2\/pages\/60\/revisions\/371"}],"wp:attachment":[{"href":"https:\/\/fetesdetheze.com\/index.php?rest_route=%2Fwp%2Fv2%2Fmedia&parent=60"}],"curies":[{"name":"wp","href":"https:\/\/api.w.org\/{rel}","templated":true}]}}